4)/((1 - -1)/8). Calculate the highest common factor of k and x.
8
Suppose -278 = -4*t + 206. What is the highest common divisor of t and 11?
11
Let m be 4/(-10) + (-2)/(-5). Suppose 150 = 5*i - m*i. Suppose -w + 3*w = i. What is the greatest common factor of 30 and w?
15
Let m(r) = -2*r**2 - 17*r. Let x be m(-6). What is the greatest common divisor of 12 and x?
6
Let y be 109 + 8*2/(-4). What is the greatest common divisor of y and 15?
15
Let w = 7 - 1. Calculate the greatest common factor of 54 and w.
6
Let f(p) = p**3 + 4*p**2 + 2*p - 1. Let i = 8 + -11. Let k be f(i). Suppose -54*c = -58*c + 4. What is the greatest common divisor of k and c?
1
Suppose 0 = -5*d - 0*d + 15. Let p be 820/8 + d/2. What is the highest common divisor of p and 13?
13
Let o(g) = -g**3 + g**2 + g + 24. Let b be o(0). Let d = b - 16. Let i be (-1)/2*-2*d. What is the greatest common divisor of 12 and i?
4
Let i(o) = 6*o + 10. Let z be i(0). Suppose c - 40 - 10 = 0. What is the greatest common factor of c and z?
10
Let z = 31 + -19. Let t be 12/14*70/20. Suppose -3*y - 15 = -5*m + 9, t*y = -3*m. What is the greatest common divisor of z and m?
3
Let a be 3/1 + (-8)/(-4). Suppose 4*l = z - 10, 9*z + a*l - 25 = 4*z. Calculate the greatest common factor of z and 18.
6
Suppose 3*f - 163 = -w, -3*f + 3*w - 2*w + 161 = 0. What is the greatest common divisor of f and 135?
27
Suppose -3*x = y + 2*y - 87, -y = 4*x - 131. What is the highest common factor of 51 and x?
17
Let s(o) = o**3 + 11*o**2 + 7*o - 8. Let i be s(-10). Calculate the greatest common divisor of i and 11.
11
Suppose k - 14 - 8 = 0. What is the highest common divisor of k and 22?
22
Let i = 17 + -13. Calculate the highest common factor of 2 and i.
2
Let s = 0 - -4. Suppose -s*u - 4*b = -97 - 179, 0 = -5*u - 4*b + 346. Let h = 70 - 42. What is the highest common divisor of h and u?
14
Suppose -4*w = 2*p - 3*p - 9, 3*w - 23 = 4*p. Let f(o) = o. Let c be f(1). Calculate the greatest common factor of c and w.
1
Let a = -97 + 141. Suppose -r = -0*r - a. Let w be (3 + 44/(-12))*-6. What is the highest common divisor of w and r?
4
Let h(n) be the first derivative of -57*n**2/2 - 2*n - 2. Let m be h(-1). What is the greatest common factor of m and 11?
11
Let n(j) = 12*j**2 + 1. Let z be n(1). Let a be (18/(-45))/(3/(-780)). What is the highest common factor of a and z?
13
Let h = -37 + 59. Let c be 6*(55/2)/5. Calculate the greatest common factor of c and h.
11
Let o(w) = -w**3 - 7*w**2 - w - 5. Let b be o(-7). Suppose -m = 4*q - 0*q - 9, -5*q = -b*m - 8. Calculate the highest common divisor of q and 4.
2
Let o be 8/4 + -1 - -10. What is the greatest common divisor of 110 and o?
11
Let s(l) = l + 145. Let k be s(0). Let w = 298 - k. What is the greatest common factor of w and 17?
17
Let c = 32 - -7. Suppose -2*z - 3*x + 32 = 0, 5*x = z - 5*z + 62. Calculate the greatest common factor of c and z.
13
Let x(v) = v + 2. Let b be x(-3). Let h = b + 10. What is the greatest common factor of h and 9?
9
Let n(t) = 8*t**3 - 2*t + 3. Let y be n(2). What is the greatest common factor of y and 7?
7
Suppose -z + 6 = z. Suppose w - 14 = -3*b, -4*b + 2*w = b - 38. Calculate the highest common factor of b and z.
3
Suppose -5*o + 47 = 5*z - 98, 4*z + 4 = o. Calculate the greatest common factor of o and 36.
12
Let a(p) be the second derivative of 16/3*p**3 - p**2 + 2*p + 0. Let u be a(4). What is the greatest common divisor of 14 and u?
14
Let c(z) = z**3 + z + 10. Let a be c(0). Let g = 37 - 17. Let d = g - a. Calculate the highest common divisor of d and 90.
10
Suppose 0 = 5*o + 5 - 20. Suppose 0 = 2*b - o*f - 29, 2*f - 21 = 3*b - 52. Suppose 2*c = -b + 37. What is the highest common factor of c and 75?
15
Let l be 2 - (114/(-2) + -1). Let b(x) = 9*x**3 + x**2 + x - 1. Let g be b(1). Calculate the greatest common factor of l and g.
10
Let w = -95 + -9. Let y = w - -154. What is the greatest common factor of y and 10?
10
Let w be 13*1 - (-8 + 6). Suppose -2*v - b = v, 4*b = -2*v - 10. Suppose 5*m = -v + 16. What is the greatest common divisor of m and w?
3
Let a(w) = -9*w - 14*w - 2*w + 1 - 6*w. Let q be a(-1). Suppose -q = -4*n - 12. What is the highest common divisor of 1 and n?
1
Let q(i) = 2*i - 2. Let l be q(6). What is the greatest common factor of l and 50?
10
Let l(v) = v**2 - 5*v + 5. Let r be l(4). Let k be 37 + 0/((-2)/r). Let a = k - 16. Calculate the greatest common factor of a and 14.
7
Let v(i) = 6*i**2 + i. Let n be v(-1). What is the greatest common divisor of 10 and n?
5
Let x = -5 - -15. Calculate the highest common divisor of 15 and x.
5
Let g(v) = v**2 + 3*v**2 - v**3 - 2*v**2. Let k be g(1). Calculate the highest common factor of k and 3.
1
Suppose -f + 3*f = 6. Suppose -5*g = 8 - f, 0 = 4*n - 4*g - 8. What is the greatest common divisor of 3 and n?
1
Let z(d) = d**3 - 5*d**2 + 4*d - 2. Let m be z(5). Suppose 4*s = 27 + 21. Calculate the greatest common divisor of m and s.
6
Let j(m) be the third derivative of 0*m - 3/2*m**3 + 0 - 2*m**2 + 11/24*m**4. Let q be j(6). Calculate the greatest common divisor of q and 38.
19
Let d = 2 + 3. Let f(a) = -a**2 + 9*a - 2. Let x be f(7). Let r be (-6)/x - (-42)/4. Calculate the greatest common divisor of r and d.
5
Let q = 35 - 10. Let v(i) = 10*i + 15. Let n be v(11). What is the highest common factor of q and n?
25
Let r(d) = -4*d - 2. Let o be r(-7). Let z = 36 - 23. Calculate the highest common divisor of o and z.
13
Let p = -17 + 14. Let u be (-12)/(p/3 + 0). Let d(i) = 6*i**2 + i - 2. Let v be d(2). What is the highest common divisor of v and u?
12
Let x be 10 - (0/1 - -1). Suppose 2*q - 2*d + 6 = 0, -14 = q + 2*q - 4*d. Suppose -l - 3 = -q*l. Calculate the greatest common factor of x and l.
3
Let p(q) = -32*q**3 + 5*q + 2. Let i be p(-2). Calculate the highest common factor of i and 31.
31
Suppose 220 + 90 = 10*z. Calculate the greatest common divisor of z and 31.
31
Let y = 32 + -16. Suppose 3*z = -v - 1, -2*z + 4*v = -v - 5. Suppose -4*t + 5*t - 16 = z. What is the greatest common factor of t and y?
16
Let q = -27 + 118. Suppose d = -5*b + 13, -2*d = 5*b - 5 - 21. What is the highest common factor of d and q?
13
Let t = -35 - -100. Suppose 2*d = -3*d + t. Calculate the highest common divisor of 26 and d.
13
Let o = 13 + -8. Suppose 0 = -y - o*r - 15, -3*y - 4*r = 6 - 5. Calculate the greatest common factor of 45 and y.
5
Suppose 2*y + 2*y - 8 = 0. Let u = 6 - y. Suppose u*z + 1 - 5 = 0, -3*m + 3*z = -459. What is the highest common divisor of 14 and m?
14
Suppose 0*l - l - 2 = -4*y, 0 = -2*y + 2. Suppose -l*o = -4*o + 4. Suppose 4*d + 3*f = -f + 20, -o*d - f = -12. What is the highest common factor of 14 and d?
7
Suppose 0 = -3*r + 3*w + 39, 5*r + 0*r - 71 = -w. Calculate the highest common divisor of r and 2.
2
Let l be (-1208)/(-24) + (-2)/6. Calculate the highest common factor of 20 and l.
10
Suppose 3*x - x = 14. Let s be (-28*2)/(2/(-2)). Calculate the greatest common factor of s and x.
7
Suppose -4*r + z + 2 = 0, 4*r - 6*z + z = -6. Let m = 3 - r. Suppose -4 = -m*g + 46. What is the highest common divisor of 5 and g?
5
Let i(f) = 8*f - 4. Let q be i(4). Suppose 0 = -4*d + q - 4. Suppose 0 = -3*s + 35 - 8. Calculate the greatest common factor of d and s.
3
Let v = 1 - -8. Let w be 2*(655/150 + (-6)/(-45)). What is the highest common divisor of w and v?
9
Suppose -6*r + 2*r = 16. Let f(h) = -3*h + 3. Let j be f(r). Suppose -b = -4*b + j. Calculate the highest common divisor of 40 and b.
5
Let l be 6/(-2) + 13/1. Suppose -4*g + l = -2. Let x be ((-42)/10)/(g/(-15)). Calculate the greatest common factor of 14 and x.
7
Suppose 2*y = 16*y - 42. What is the greatest common factor of y and 21?
3
Suppose 4*l = 5*z + 2*l, 0 = -4*z + 5*l - 17. Let x be 1*(-1)/3*-12. Suppose 3*d - 2 = -x*u, u + d = -3*u + 6. What is the greatest common divisor of u and z?
2
Suppose 3*z + 3*y + y - 80 = 0, 4*z - 100 = -4*y. What is the greatest common factor of z and 100?
20
Suppose -5*b + 11 = 1. Let k be b*((-15)/(-2))/5. Suppose v + k = 6. What is the greatest common divisor of v and 12?
3
Suppose 0 = g + g + 3*x - 494, 273 = g - 5*x. What is the highest common factor of g and 23?
23
Suppose -4*v + 45 + 83 = 0. Calculate the highest common factor of v and 288.
32
Let p be ((-8)/(-6